the first derivative of -t**4/4 + 14*t**3/3 - 15*t**2/2 + 11*t + 89. Calculate o(13).
-15
Let f be 1 + -4 + 1 + 1 + -2. Let v(b) = b**3 - 5*b**2 + 3*b + 4. Let z(i) = 2*i**3 - 9*i**2 + 5*i + 7. Let c(x) = f*z(x) + 5*v(x). Give c(-1).
2
Let h(o) = o**3 - 5*o**2 + 3*o + 8. Let u be h(4). Suppose 6 = -u*p + 7*p. Let a(r) = -r**3 + 2*r. What is a(p)?
-4
Let r be (-6)/18*1*-9. Let j(m) = 2 + 20 + 2 + 2*m**2 - 3*m - 27. Calculate j(r).
6
Let k(o) = o + 0*o - 2*o - 2*o**2. Let f(y) = -92*y - 1198. Let b be f(-13). What is k(b)?
-6
Let t(j) = -6*j**3 - j**2. Suppose f = i - 4*i + 3, 0 = -5*f. Give t(i).
-7
Let m(l) = 9*l**2 - 14*l - 7. Let a(x) = 5*x**2 - 7*x - 4. Suppose -33 = -w - 22. Let y(p) = w*a(p) - 6*m(p). Determine y(-7).
-2
Let z(b) = b - 7. Let x(s) = -s - 4. Let c(i) = -i. Let u(a) = -2*c(a) + x(a). Let q(m) = 5*u(m) - 3*z(m). Determine q(-3).
-5
Suppose 0 = -3*g + 5*m - 10, 2*g + 2*m = -6 + 10. Let v(s) be the second derivative of 7*s + s**2 + 1/6*s**4 + 2/3*s**3 + g. Calculate v(-2).
2
Let s(a) = -45*a - 355. Let t be s(-8). Let b(f) = f**2 - 5*f + 9. Give b(t).
9
Suppose 0 = -5*o - 2*j + 5*j, 5*j - 28 = -o. Let n(s) = 0*s**3 - 4*s - 4 - 5*s**2 - 2*s - s**o. Let g(c) = -c**2 - 4*c - 4. Let v be g(-4). Give n(v).
4
Let o be 2*(20/16 + (-2)/8). Let i(b) = -b - b**3 + 31*b**2 - 29*b**o - b + 2. Calculate i(2).
-2
Let b(u) be the second derivative of u**3/6 - u**2/2 - 38*u - 1. What is b(3)?
2
Let v = -205 - -200. Let k(w) = -w - 5. Calculate k(v).
0
Let r(u) be the second derivative of 0 + 5/2*u**2 - 1/12*u**4 - 3*u - u**3. Let k be 201/(-39) - (-2)/13. What is r(k)?
10
Let j(p) = -p**2 - 8*p + 6. Let q = -306 - -297. What is j(q)?
-3
Let a(w) = -w**3 + 5*w**2 - 5*w - 1. Let b be a(4). Let g(o) be the third derivative of -o**5/60 - 5*o**4/24 - o**3 + 366*o**2. Give g(b).
-6
Let b be ((-5)/4)/(((-5)/(-20))/1). Let l(d) = 11*d + 8. Let a(s) = 5*s + 4. Let z(m) = -9*a(m) + 4*l(m). Give z(b).
1
Let d be -7 + (3 - (-5 + 4)). Let m(q) = q**2 - 2*q + 2. Let c be m(2). Let t(l) = -4 + l**c - l + 4*l - 2*l + l. Determine t(d).
-1
Let p(j) = 4*j**3 + 2*j**2 - 2*j + 4. Let m(b) = 7*b**3 + 4*b**2 - 4*b + 8. Suppose -4*t + 5*t - 3 = 0. Let x(r) = t*m(r) - 5*p(r). What is x(-4)?
-20
Let u(v) be the third derivative of -v**4/6 - v**3/6 - 2*v**2 + 102. What is u(2)?
-9
Let a(q) = -2*q + 29. Let c(g) = -4*g + 54. Let m(y) = -7*a(y) + 4*c(y). Calculate m(9).
-5
Let b(q) be the second derivative of q**5/20 + q**4/3 - q**3/6 + q**2/2 - 80*q. Suppose -5*k + 2 - 26 = -2*m, -8 = 3*k + 2*m. Give b(k).
5
Let l(n) be the first derivative of -2*n**3/3 + n**2/2 + 4*n + 9. Let h be -1 + 5 - 0/(-4). What is l(h)?
-24
Let b(h) = -h**2 - 4. Suppose 2*t = -3*t. Suppose 3*f - z + 19 = t, -5*f + 2*z + 3*z = 15. Let p = f + 8. Determine b(p).
-4
Let l(m) = -m**2 + 14*m - 40. Let w be l(7). Let k(h) = h**3 - 10*h**2 + 12*h - 2. Calculate k(w).
25
Let u(w) be the second derivative of w**7/840 - w**6/72 + w**5/30 - 4*w**3/3 + 20*w. Let r(i) be the second derivative of u(i). What is r(3)?
-6
Let j(k) be the first derivative of -k**2/2 - 6*k + 17. Suppose b + 5*d = 0, -3*d = 4*b + 2*d. What is j(b)?
-6
Let q(i) = -6*i - 2. Let f(j) = -11*j - 3. Let l(s) = -2*f(s) + 5*q(s). Give l(4).
-36
Let w(o) = o**2 - 1. Let r(c) = -1. Let p(g) = -6*r(g) - w(g). Let h = 2 + -5. Let x = h - -3. Give p(x).
7
Suppose l = -10 + 15. Suppose i - 31 = 5*t, -t + 5 = l*i + 4*t. Let s(o) = -18 + 2*o**2 - o**2 + 23 + i*o. What is s(-5)?
0
Let r = 1321 - 1319. Let z(m) be the first derivative of -m**3 + m + 1/2*m**4 - 4 - 2*m**r. What is z(3)?
16
Suppose -13*c = -24*c + 946. Let s = c + -90. Let u(v) = -v**3 - 5*v**2 - 3*v - 1. Determine u(s).
-5
Let g(y) = 4*y**2 + 10*y + 14. Let v(k) = k**2. Let t(a) = -g(a) + 5*v(a). Calculate t(12).
10
Let m(h) = -3*h + 23. Let j(n) = -n - 9*n - 35 + 15*n. Let k(d) = 5*j(d) + 8*m(d). Give k(-6).
3
Let v(r) = 2*r**2 - 2 + 2 + 134428*r - r**3 - 134429*r. Suppose -8 = -h - 3*h. What is v(h)?
-2
Let j(c) = -c + 11. Let r(f) = -f - 1. Let y(u) = -9*u - 41. Let b(t) = -r(t) - y(t). Let n be b(-5). What is j(n)?
19
Let p be 30/20*(-4)/(-3). Let i be (1/p)/((-1)/(-6)). Let k(b) = 5*b**2 - 2*b - 1. Let l(v) = 2*v**2 - v. Let u(z) = 3*k(z) - 7*l(z). Calculate u(i).
9
Let y(t) = -11*t - 13. Let v(o) be the second derivative of 0 + 2/3*o**3 + 2*o**2 - 7*o. Let h(f) = 8*v(f) + 3*y(f). Give h(6).
-13
Let k(r) = -r**3 + r**2 - 2*r + 1. Let z(x) = 3*x + 24. Let v be z(-7). Calculate k(v).
-23
Let z(b) = b**2 - 7*b - 9. Let q be z(9). Let l(f) = -f**2 - q*f - f**2 + 34 + f**2 - 48. Let h be l(-8). Let u(a) = a**3 + 5*a**2 - 5*a + 1. Give u(h).
-5
Let w = -10 - -6. Let v(g) be the third derivative of 1/60*g**5 + 0*g + 59*g**2 + 0 + 5/24*g**4 + 0*g**3. Calculate v(w).
-4
Let j(c) be the third derivative of c**4/12 + 4*c**3/3 + c**2. Let h(k) be the second derivative of -k**3/2 - 25*k**2/2 - 27*k. Let r be h(-6). Give j(r).
-6
Suppose -2*g + 23 = 5*y, 5*y + 3*g - 22 - 5 = 0. Let j(o) be the third derivative of -4*o**2 + 0*o + 0 - 1/2*o**y - 1/24*o**4. What is j(-3)?
0
Let a(z) be the second derivative of z**4/6 + 8*z**3/3 + 3*z**2/2 + 264*z. Determine a(-8).
3
Let t(a) = a**2. Let w(u) = u - 1. Let b(d) = d**3 + 5*d**2 + 3*d - 1. Let q be b(-3). Let l be q/(-16)*(0 + 2). Let v(g) = l*t(g) + w(g). Give v(0).
-1
Let d(y) = -y**2 + 12*y - 33. Let o be d(7). Let c(x) = 3*x**2 - 2*x - 2. Calculate c(o).
6
Suppose 3*w + 19 = 13. Let m(b) = -3*b - 1. Give m(w).
5
Let w = -4 - -4. Suppose -2*o + 7 - 1 = w. Let b(y) = 3*y**3 + 4*y**2 - 7*y + 2. Let j(s) = s**3 - s. Let d(p) = -b(p) + 4*j(p). Determine d(o).
-2
Let f(x) = x**3 - 2*x**2 + x + 2. Let i(r) = 6*r**3 + r**2 - r + 2. Let y(n) = f(n) - i(n). What is y(1)?
-6
Let p be 3 - 4/2 - (-2 + 1). Let v(d) = 69*d**2 + 6*d - 40*d**2 + 2 - 33*d**p - d**3. What is v(-5)?
-3
Let j(r) = -3 - 28171*r + 2 + 28165*r. Determine j(-1).
5
Let a(p) = -2*p**3 + p**2. Let m be a(-1). Suppose -m*g - 1 = -2*g. Let q(d) be the first derivative of -3*d**2 - 1. Calculate q(g).
6
Suppose -4*v + 4 = v + 4*f, -5*f - 8 = 3*v. Let l(u) = -4 + 0 - 5 + u**2 + v - 4*u. Give l(6).
7
Let o(d) be the second derivative of d**4/12 + d**3 + 2*d**2 - 4*d. Suppose 4*c = 3*b - 12, 4*c - 3 = 5*b - 23. Suppose -25 = b*g + g. What is o(g)?
-1
Let a(l) = l**3 - 19. Suppose 0*u = -21*u. What is a(u)?
-19
Let b = -137 - -139. Let m(o) = 4*o**2 + o + 2. Determine m(b).
20
Let r(b) = -b**3 + 2*b**2 - 4*b - 4. Let h(w) = -3 + 97*w**2 + 11*w + 16 - 102*w**2 + 3*w**3. Let z(j) = 3*h(j) + 8*r(j). Calculate z(0).
7
Let d(t) = -t**2 + 7*t - 3. Let m be d(6). Suppose 4*n = -21 - m. Let z(p) = p**2 + 5*p. Give z(n).
6
Let a = 273 + -266. Let l(x) = x**3 - 8*x**2 + 6*x - 9. Determine l(a).
-16
Suppose -3 = -2*o + 5*z + 8, 3*z + 9 = 2*o. Let l = 19 - 17. Let k(n) = -l*n + 4*n + n + 2 + n. What is k(o)?
14
Let l(z) = 2*z + 4. Let d = 91 + -76. Suppose -5*k + 30 = -2*x, 0 = -6*k + k - x + d. Calculate l(k).
12
Suppose -4*j - 138 = -10*j. Let v be -6*(-7)/168 + j/4. Let l(y) = 2*y - 12. Give l(v).
0
Let m(a) = 5*a + 2. Let f(i) = 15*i + 10. Let y(k) = -f(k) + 2*m(k). Give y(-9).
39
Let d(x) be the first derivative of 3*x + 9 + 1/4*x**4 + 1/3*x**3 + 2*x**2. Give d(-2).
-9
Let t(i) = 13*i + 1. Let n = -4 - -10. Let o = n + -5. Let u be (10 + -12)/(1 + o). Calculate t(u).
-12
Let c(v) = -26 + 98*v**2 - 99*v**2 + 30. What is c(0)?
4
Suppose 24*t = 2*t + 396. Let f(n) = n**3 + 2*n**2 - 3*n - 3. Let c be f(-4). Let m = t + c. Let p(b) = -b**2 - 3*b + 6. Give p(m).
-4
Let s = -1351 + 1343. Let j(i) = -i**3 - 9*i**2 - 6*i + 5. Give j(s).
-11
Let v = -9 - -17. Let o(s) = s**2 - 6*s - 11. Let l(q) = q**2 - 6*q - 11. Suppose 60 = 6*n + 24. Let h(j) = n*l(j) - 7*o(j). Calculate h(v).
-5
Let l be (15/18)/(((-275)/(-66))/(-25)). Let g(s) = 5*s + 17. Calculate g(l).
-8
Suppose 3*m + m + 5*o + 52 = 0, 2*o = -5*m - 48. Let z(f) = -3*f**2 - 15*f + 2. Let l(n) = -2*n**2 - 10*n + 1. Let v(q) = m*l(q) + 5*z(q). Determine v(-6).
8
Let a be 1 - (4/(-2) - 0). Let d(o) = -o**3 + 9*o**2 + 4. Let f be d(9). Let h(i) = 5*i - 4. Let u(z) = -6*z + 5. Let x(y) = f*h(y) + 3*u(y). Calculate x(a).
5
Let w(j) be the third derivative of j**6/120 - j**5/15 + j**4/8 - j**3/3 + j**2. Let c = 449 - 446. Determine w(c).
-2
Let y(b) = -b**3